{"id":43,"date":"2017-12-17T10:06:43","date_gmt":"2017-12-17T10:06:43","guid":{"rendered":"https:\/\/carboneaut.com.ar\/index.php\/about\/"},"modified":"2025-05-12T20:39:30","modified_gmt":"2025-05-12T20:39:30","slug":"about","status":"publish","type":"page","link":"https:\/\/carboneaut.com.ar\/index.php\/about\/","title":{"rendered":"Pol\u00edtica de calidad"},"content":{"rendered":"\t\t<div data-elementor-type=\"wp-post\" data-elementor-id=\"43\" class=\"elementor elementor-43\">\n\t\t\t\t\t\t<section class=\"elementor-section elementor-top-section elementor-element elementor-element-8c39fce elementor-section-content-middle elementor-section-boxed elementor-section-height-default elementor-section-height-default\" data-id=\"8c39fce\" data-element_type=\"section\" data-settings=\"{&quot;background_background&quot;:&quot;classic&quot;}\">\n\t\t\t\t\t\t\t<div class=\"elementor-background-overlay\"><\/div>\n\t\t\t\t\t\t\t<div class=\"elementor-container elementor-column-gap-no\">\n\t\t\t\t\t<div class=\"elementor-column elementor-col-100 elementor-top-column elementor-element elementor-element-b1952b1\" data-id=\"b1952b1\" data-element_type=\"column\">\n\t\t\t<div class=\"elementor-widget-wrap\">\n\t\t\t\t\t\t\t<\/div>\n\t\t<\/div>\n\t\t\t\t\t<\/div>\n\t\t<\/section>\n\t\t\t\t<section class=\"elementor-section elementor-top-section elementor-element elementor-element-d28c655 elementor-section-full_width elementor-section-height-default elementor-section-height-default\" data-id=\"d28c655\" data-element_type=\"section\" data-settings=\"{&quot;background_background&quot;:&quot;classic&quot;}\">\n\t\t\t\t\t\t<div class=\"elementor-container elementor-column-gap-default\">\n\t\t\t\t\t<div class=\"elementor-column elementor-col-100 elementor-top-column elementor-element elementor-element-997bde8\" data-id=\"997bde8\" data-element_type=\"column\">\n\t\t\t<div class=\"elementor-widget-wrap elementor-element-populated\">\n\t\t\t\t\t\t<section class=\"elementor-section elementor-inner-section elementor-element elementor-element-83b3443 elementor-section-full_width elementor-section-content-middle elementor-section-height-default elementor-section-height-default\" data-id=\"83b3443\" data-element_type=\"section\">\n\t\t\t\t\t\t<div class=\"elementor-container elementor-column-gap-no\">\n\t\t\t\t\t<div class=\"elementor-column elementor-col-100 elementor-inner-column elementor-element elementor-element-fe6e6ed\" data-id=\"fe6e6ed\" data-element_type=\"column\" data-settings=\"{&quot;background_background&quot;:&quot;classic&quot;}\">\n\t\t\t<div class=\"elementor-widget-wrap elementor-element-populated\">\n\t\t\t\t\t\t<div class=\"elementor-element elementor-element-2a5a40c elementor-widget-divider--view-line elementor-widget elementor-widget-divider\" data-id=\"2a5a40c\" data-element_type=\"widget\" data-widget_type=\"divider.default\">\n\t\t\t\t<div class=\"elementor-widget-container\">\n\t\t\t<style>\/*! elementor - v3.23.0 - 25-07-2024 *\/\n.elementor-widget-divider{--divider-border-style:none;--divider-border-width:1px;--divider-color:#0c0d0e;--divider-icon-size:20px;--divider-element-spacing:10px;--divider-pattern-height:24px;--divider-pattern-size:20px;--divider-pattern-url:none;--divider-pattern-repeat:repeat-x}.elementor-widget-divider .elementor-divider{display:flex}.elementor-widget-divider .elementor-divider__text{font-size:15px;line-height:1;max-width:95%}.elementor-widget-divider .elementor-divider__element{margin:0 var(--divider-element-spacing);flex-shrink:0}.elementor-widget-divider .elementor-icon{font-size:var(--divider-icon-size)}.elementor-widget-divider .elementor-divider-separator{display:flex;margin:0;direction:ltr}.elementor-widget-divider--view-line_icon .elementor-divider-separator,.elementor-widget-divider--view-line_text .elementor-divider-separator{align-items:center}.elementor-widget-divider--view-line_icon .elementor-divider-separator:after,.elementor-widget-divider--view-line_icon .elementor-divider-separator:before,.elementor-widget-divider--view-line_text .elementor-divider-separator:after,.elementor-widget-divider--view-line_text .elementor-divider-separator:before{display:block;content:\"\";border-block-end:0;flex-grow:1;border-block-start:var(--divider-border-width) var(--divider-border-style) var(--divider-color)}.elementor-widget-divider--element-align-left .elementor-divider .elementor-divider-separator>.elementor-divider__svg:first-of-type{flex-grow:0;flex-shrink:100}.elementor-widget-divider--element-align-left .elementor-divider-separator:before{content:none}.elementor-widget-divider--element-align-left .elementor-divider__element{margin-left:0}.elementor-widget-divider--element-align-right .elementor-divider .elementor-divider-separator>.elementor-divider__svg:last-of-type{flex-grow:0;flex-shrink:100}.elementor-widget-divider--element-align-right .elementor-divider-separator:after{content:none}.elementor-widget-divider--element-align-right .elementor-divider__element{margin-right:0}.elementor-widget-divider--element-align-start .elementor-divider .elementor-divider-separator>.elementor-divider__svg:first-of-type{flex-grow:0;flex-shrink:100}.elementor-widget-divider--element-align-start .elementor-divider-separator:before{content:none}.elementor-widget-divider--element-align-start .elementor-divider__element{margin-inline-start:0}.elementor-widget-divider--element-align-end .elementor-divider .elementor-divider-separator>.elementor-divider__svg:last-of-type{flex-grow:0;flex-shrink:100}.elementor-widget-divider--element-align-end .elementor-divider-separator:after{content:none}.elementor-widget-divider--element-align-end .elementor-divider__element{margin-inline-end:0}.elementor-widget-divider:not(.elementor-widget-divider--view-line_text):not(.elementor-widget-divider--view-line_icon) .elementor-divider-separator{border-block-start:var(--divider-border-width) var(--divider-border-style) var(--divider-color)}.elementor-widget-divider--separator-type-pattern{--divider-border-style:none}.elementor-widget-divider--separator-type-pattern.elementor-widget-divider--view-line .elementor-divider-separator,.elementor-widget-divider--separator-type-pattern:not(.elementor-widget-divider--view-line) .elementor-divider-separator:after,.elementor-widget-divider--separator-type-pattern:not(.elementor-widget-divider--view-line) .elementor-divider-separator:before,.elementor-widget-divider--separator-type-pattern:not([class*=elementor-widget-divider--view]) .elementor-divider-separator{width:100%;min-height:var(--divider-pattern-height);-webkit-mask-size:var(--divider-pattern-size) 100%;mask-size:var(--divider-pattern-size) 100%;-webkit-mask-repeat:var(--divider-pattern-repeat);mask-repeat:var(--divider-pattern-repeat);background-color:var(--divider-color);-webkit-mask-image:var(--divider-pattern-url);mask-image:var(--divider-pattern-url)}.elementor-widget-divider--no-spacing{--divider-pattern-size:auto}.elementor-widget-divider--bg-round{--divider-pattern-repeat:round}.rtl .elementor-widget-divider .elementor-divider__text{direction:rtl}.e-con-inner>.elementor-widget-divider,.e-con>.elementor-widget-divider{width:var(--container-widget-width,100%);--flex-grow:var(--container-widget-flex-grow)}<\/style>\t\t<div class=\"elementor-divider\">\n\t\t\t<span class=\"elementor-divider-separator\">\n\t\t\t\t\t\t<\/span>\n\t\t<\/div>\n\t\t\t\t<\/div>\n\t\t\t\t<\/div>\n\t\t\t\t<div class=\"elementor-element elementor-element-ef5188a elementor-widget elementor-widget-image-box\" data-id=\"ef5188a\" data-element_type=\"widget\" data-widget_type=\"image-box.default\">\n\t\t\t\t<div class=\"elementor-widget-container\">\n\t\t\t<style>\/*! elementor - v3.23.0 - 25-07-2024 *\/\n.elementor-widget-image-box .elementor-image-box-content{width:100%}@media (min-width:768px){.elementor-widget-image-box.elementor-position-left .elementor-image-box-wrapper,.elementor-widget-image-box.elementor-position-right .elementor-image-box-wrapper{display:flex}.elementor-widget-image-box.elementor-position-right .elementor-image-box-wrapper{text-align:end;flex-direction:row-reverse}.elementor-widget-image-box.elementor-position-left .elementor-image-box-wrapper{text-align:start;flex-direction:row}.elementor-widget-image-box.elementor-position-top .elementor-image-box-img{margin:auto}.elementor-widget-image-box.elementor-vertical-align-top .elementor-image-box-wrapper{align-items:flex-start}.elementor-widget-image-box.elementor-vertical-align-middle .elementor-image-box-wrapper{align-items:center}.elementor-widget-image-box.elementor-vertical-align-bottom .elementor-image-box-wrapper{align-items:flex-end}}@media (max-width:767px){.elementor-widget-image-box .elementor-image-box-img{margin-left:auto!important;margin-right:auto!important;margin-bottom:15px}}.elementor-widget-image-box .elementor-image-box-img{display:inline-block}.elementor-widget-image-box .elementor-image-box-title a{color:inherit}.elementor-widget-image-box .elementor-image-box-wrapper{text-align:center}.elementor-widget-image-box .elementor-image-box-description{margin:0}<\/style><div class=\"elementor-image-box-wrapper\"><div class=\"elementor-image-box-content\"><h2 class=\"elementor-image-box-title\">Pol\u00edtica de calidad<\/h2><p class=\"elementor-image-box-description\">El objetivo de Carbone Autoelevadores S.A. es proveer a nuestros clientes de equipos para el movimiento y almacenaje de mercader\u00eda\nbrindando servicios de venta, post-venta, alquiler y reparaci\u00f3n de auto elevadores, zorras y apiladoras como as\u00ed tambi\u00e9n la venta de repuestos y reparaci\u00f3n de partes de los equipos mencionados de acuerdo con sus requerimientos y necesidades.<br><br>\nEscuchando emp\u00e1ticamente al cliente, comprendiendo y actuando en consecuencia nos gu\u00eda a adecuar nuestro servicio a sus necesidades y expectativas, brindando de esta manera una r\u00e1pida respuesta logrando su satisfacci\u00f3n.<br><br>\nManteniendo una cordial relaci\u00f3n con todas las partes que se relacionan con la empresa, tanto internos, externos y entes gubernamentales, a trav\u00e9s del cumplimiento de los requerimientos legales, impositivos y normativos.<br><br>\nAsegurando la capacitaci\u00f3n continua de nuestro personal, garantizamos una m\u00e1xima calidad operatoria, brindando una atenci\u00f3n personalizada y cumpliendo fielmente las obligaciones contra\u00eddas.<br><br>\nAsumiendo desde la Direcci\u00f3n la participaci\u00f3n y control en forma activa de la mplementaci\u00f3n y mantenimiento del Sistema de Gesti\u00f3n\nde la Calidad, respaldada por un plan de mejora continua tanto de los procesos como de su eficacia, nos enfocamos en el an\u00e1lisis y\nprevenci\u00f3n de riesgos.<br><br>\nGuiados por esta Pol\u00edtica de Calidad, nos comprometemos con la mejora continua como camino para el desarrollo y crecimiento,\nentendiendo que el \u00e9xito en este proyecto necesita del compromiso y apoyo de todos los integrantes que conforman nuestra empresa.<br><br>\nSebasti\u00e1n Carbone <br> Presidente\n<\/p><\/div><\/div>\t\t<\/div>\n\t\t\t\t<\/div>\n\t\t\t\t\t<\/div>\n\t\t<\/div>\n\t\t\t\t\t<\/div>\n\t\t<\/section>\n\t\t\t\t<section class=\"elementor-section elementor-inner-section elementor-element elementor-element-3ea022c elementor-section-boxed elementor-section-height-default elementor-section-height-default\" data-id=\"3ea022c\" data-element_type=\"section\">\n\t\t\t\t\t\t<div class=\"elementor-container elementor-column-gap-default\">\n\t\t\t\t\t<div class=\"elementor-column elementor-col-50 elementor-inner-column elementor-element elementor-element-71d369c\" data-id=\"71d369c\" data-element_type=\"column\">\n\t\t\t<div class=\"elementor-widget-wrap\">\n\t\t\t\t\t\t\t<\/div>\n\t\t<\/div>\n\t\t\t\t<div class=\"elementor-column elementor-col-50 elementor-inner-column elementor-element elementor-element-b7670e6\" data-id=\"b7670e6\" data-element_type=\"column\">\n\t\t\t<div class=\"elementor-widget-wrap\">\n\t\t\t\t\t\t\t<\/div>\n\t\t<\/div>\n\t\t\t\t\t<\/div>\n\t\t<\/section>\n\t\t\t\t\t<\/div>\n\t\t<\/div>\n\t\t\t\t\t<\/div>\n\t\t<\/section>\n\t\t\t\t<\/div>\n\t\t","protected":false},"excerpt":{"rendered":"<p>Pol\u00edtica de calidad El objetivo de Carbone Autoelevadores S.A. es proveer a nuestros clientes de equipos para el movimiento y almacenaje de mercader\u00eda brindando servicios de venta, post-venta, alquiler y reparaci\u00f3n de auto elevadores, zorras y apiladoras como as\u00ed tambi\u00e9n la venta de repuestos y reparaci\u00f3n de partes de los equipos mencionados de acuerdo con &hellip;<\/p>\n<p class=\"read-more\"> <a class=\"\" href=\"https:\/\/carboneaut.com.ar\/index.php\/about\/\"> <span class=\"screen-reader-text\">Pol\u00edtica de calidad<\/span> Leer m\u00e1s &raquo;<\/a><\/p>\n","protected":false},"author":1,"featured_media":0,"parent":0,"menu_order":0,"comment_status":"closed","ping_status":"closed","template":"","meta":{"site-sidebar-layout":"no-sidebar","site-content-layout":"page-builder","ast-global-header-display":"","ast-main-header-display":"","ast-hfb-above-header-display":"","ast-hfb-below-header-display":"","ast-hfb-mobile-header-display":"","site-post-title":"disabled","ast-breadcrumbs-content":"","ast-featured-img":"disabled","footer-sml-layout":"","theme-transparent-header-meta":"enabled","adv-header-id-meta":"","stick-header-meta":"","header-above-stick-meta":"","header-main-stick-meta":"","header-below-stick-meta":"","footnotes":""},"class_list":["post-43","page","type-page","status-publish","hentry"],"yoast_head":"<!-- This site is optimized with the Yoast SEO plugin v23.1 - https:\/\/yoast.com\/wordpress\/plugins\/seo\/ -->\n<title>Pol\u00edtica de calidad - Carbone<\/title>\n<meta name=\"robots\" content=\"index, follow, max-snippet:-1, max-image-preview:large, max-video-preview:-1\" \/>\n<link rel=\"canonical\" href=\"https:\/\/carboneaut.com.ar\/index.php\/about\/\" \/>\n<meta property=\"og:locale\" content=\"es_ES\" \/>\n<meta property=\"og:type\" content=\"article\" \/>\n<meta property=\"og:title\" content=\"Pol\u00edtica de calidad - Carbone\" \/>\n<meta property=\"og:description\" content=\"Pol\u00edtica de calidad El objetivo de Carbone Autoelevadores S.A. es proveer a nuestros clientes de equipos para el movimiento y almacenaje de mercader\u00eda brindando servicios de venta, post-venta, alquiler y reparaci\u00f3n de auto elevadores, zorras y apiladoras como as\u00ed tambi\u00e9n la venta de repuestos y reparaci\u00f3n de partes de los equipos mencionados de acuerdo con &hellip; Pol\u00edtica de calidad Leer m\u00e1s &raquo;\" \/>\n<meta property=\"og:url\" content=\"https:\/\/carboneaut.com.ar\/index.php\/about\/\" \/>\n<meta property=\"og:site_name\" content=\"Carbone\" \/>\n<meta property=\"article:modified_time\" content=\"2025-05-12T20:39:30+00:00\" \/>\n<meta name=\"twitter:card\" content=\"summary_large_image\" \/>\n<meta name=\"twitter:label1\" content=\"Tiempo de lectura\" \/>\n\t<meta name=\"twitter:data1\" content=\"2 minutos\" \/>\n<script type=\"application\/ld+json\" class=\"yoast-schema-graph\">{\"@context\":\"https:\/\/schema.org\",\"@graph\":[{\"@type\":\"WebPage\",\"@id\":\"https:\/\/carboneaut.com.ar\/index.php\/about\/\",\"url\":\"https:\/\/carboneaut.com.ar\/index.php\/about\/\",\"name\":\"Pol\u00edtica de calidad - Carbone\",\"isPartOf\":{\"@id\":\"https:\/\/carboneaut.com.ar\/#website\"},\"datePublished\":\"2017-12-17T10:06:43+00:00\",\"dateModified\":\"2025-05-12T20:39:30+00:00\",\"breadcrumb\":{\"@id\":\"https:\/\/carboneaut.com.ar\/index.php\/about\/#breadcrumb\"},\"inLanguage\":\"es-AR\",\"potentialAction\":[{\"@type\":\"ReadAction\",\"target\":[\"https:\/\/carboneaut.com.ar\/index.php\/about\/\"]}]},{\"@type\":\"BreadcrumbList\",\"@id\":\"https:\/\/carboneaut.com.ar\/index.php\/about\/#breadcrumb\",\"itemListElement\":[{\"@type\":\"ListItem\",\"position\":1,\"name\":\"Home\",\"item\":\"https:\/\/carboneaut.com.ar\/\"},{\"@type\":\"ListItem\",\"position\":2,\"name\":\"Pol\u00edtica de calidad\"}]},{\"@type\":\"WebSite\",\"@id\":\"https:\/\/carboneaut.com.ar\/#website\",\"url\":\"https:\/\/carboneaut.com.ar\/\",\"name\":\"Carbone\",\"description\":\"Just another WordPress site\",\"publisher\":{\"@id\":\"https:\/\/carboneaut.com.ar\/#organization\"},\"potentialAction\":[{\"@type\":\"SearchAction\",\"target\":{\"@type\":\"EntryPoint\",\"urlTemplate\":\"https:\/\/carboneaut.com.ar\/?s={search_term_string}\"},\"query-input\":\"required name=search_term_string\"}],\"inLanguage\":\"es-AR\"},{\"@type\":\"Organization\",\"@id\":\"https:\/\/carboneaut.com.ar\/#organization\",\"name\":\"Carbone\",\"url\":\"https:\/\/carboneaut.com.ar\/\",\"logo\":{\"@type\":\"ImageObject\",\"inLanguage\":\"es-AR\",\"@id\":\"https:\/\/carboneaut.com.ar\/#\/schema\/logo\/image\/\",\"url\":\"https:\/\/carboneaut.com.ar\/wp-content\/uploads\/2023\/01\/cropped-Carbone-Logo-con-filete-1-1.png\",\"contentUrl\":\"https:\/\/carboneaut.com.ar\/wp-content\/uploads\/2023\/01\/cropped-Carbone-Logo-con-filete-1-1.png\",\"width\":438,\"height\":146,\"caption\":\"Carbone\"},\"image\":{\"@id\":\"https:\/\/carboneaut.com.ar\/#\/schema\/logo\/image\/\"}}]}<\/script>\n<!-- \/ Yoast SEO plugin. -->","yoast_head_json":{"title":"Pol\u00edtica de calidad - Carbone","robots":{"index":"index","follow":"follow","max-snippet":"max-snippet:-1","max-image-preview":"max-image-preview:large","max-video-preview":"max-video-preview:-1"},"canonical":"https:\/\/carboneaut.com.ar\/index.php\/about\/","og_locale":"es_ES","og_type":"article","og_title":"Pol\u00edtica de calidad - Carbone","og_description":"Pol\u00edtica de calidad El objetivo de Carbone Autoelevadores S.A. es proveer a nuestros clientes de equipos para el movimiento y almacenaje de mercader\u00eda brindando servicios de venta, post-venta, alquiler y reparaci\u00f3n de auto elevadores, zorras y apiladoras como as\u00ed tambi\u00e9n la venta de repuestos y reparaci\u00f3n de partes de los equipos mencionados de acuerdo con &hellip; Pol\u00edtica de calidad Leer m\u00e1s &raquo;","og_url":"https:\/\/carboneaut.com.ar\/index.php\/about\/","og_site_name":"Carbone","article_modified_time":"2025-05-12T20:39:30+00:00","twitter_card":"summary_large_image","twitter_misc":{"Tiempo de lectura":"2 minutos"},"schema":{"@context":"https:\/\/schema.org","@graph":[{"@type":"WebPage","@id":"https:\/\/carboneaut.com.ar\/index.php\/about\/","url":"https:\/\/carboneaut.com.ar\/index.php\/about\/","name":"Pol\u00edtica de calidad - Carbone","isPartOf":{"@id":"https:\/\/carboneaut.com.ar\/#website"},"datePublished":"2017-12-17T10:06:43+00:00","dateModified":"2025-05-12T20:39:30+00:00","breadcrumb":{"@id":"https:\/\/carboneaut.com.ar\/index.php\/about\/#breadcrumb"},"inLanguage":"es-AR","potentialAction":[{"@type":"ReadAction","target":["https:\/\/carboneaut.com.ar\/index.php\/about\/"]}]},{"@type":"BreadcrumbList","@id":"https:\/\/carboneaut.com.ar\/index.php\/about\/#breadcrumb","itemListElement":[{"@type":"ListItem","position":1,"name":"Home","item":"https:\/\/carboneaut.com.ar\/"},{"@type":"ListItem","position":2,"name":"Pol\u00edtica de calidad"}]},{"@type":"WebSite","@id":"https:\/\/carboneaut.com.ar\/#website","url":"https:\/\/carboneaut.com.ar\/","name":"Carbone","description":"Just another WordPress site","publisher":{"@id":"https:\/\/carboneaut.com.ar\/#organization"},"potentialAction":[{"@type":"SearchAction","target":{"@type":"EntryPoint","urlTemplate":"https:\/\/carboneaut.com.ar\/?s={search_term_string}"},"query-input":"required name=search_term_string"}],"inLanguage":"es-AR"},{"@type":"Organization","@id":"https:\/\/carboneaut.com.ar\/#organization","name":"Carbone","url":"https:\/\/carboneaut.com.ar\/","logo":{"@type":"ImageObject","inLanguage":"es-AR","@id":"https:\/\/carboneaut.com.ar\/#\/schema\/logo\/image\/","url":"https:\/\/carboneaut.com.ar\/wp-content\/uploads\/2023\/01\/cropped-Carbone-Logo-con-filete-1-1.png","contentUrl":"https:\/\/carboneaut.com.ar\/wp-content\/uploads\/2023\/01\/cropped-Carbone-Logo-con-filete-1-1.png","width":438,"height":146,"caption":"Carbone"},"image":{"@id":"https:\/\/carboneaut.com.ar\/#\/schema\/logo\/image\/"}}]}},"_links":{"self":[{"href":"https:\/\/carboneaut.com.ar\/index.php\/wp-json\/wp\/v2\/pages\/43","targetHints":{"allow":["GET"]}}],"collection":[{"href":"https:\/\/carboneaut.com.ar\/index.php\/wp-json\/wp\/v2\/pages"}],"about":[{"href":"https:\/\/carboneaut.com.ar\/index.php\/wp-json\/wp\/v2\/types\/page"}],"author":[{"embeddable":true,"href":"https:\/\/carboneaut.com.ar\/index.php\/wp-json\/wp\/v2\/users\/1"}],"replies":[{"embeddable":true,"href":"https:\/\/carboneaut.com.ar\/index.php\/wp-json\/wp\/v2\/comments?post=43"}],"version-history":[{"count":56,"href":"https:\/\/carboneaut.com.ar\/index.php\/wp-json\/wp\/v2\/pages\/43\/revisions"}],"predecessor-version":[{"id":4552,"href":"https:\/\/carboneaut.com.ar\/index.php\/wp-json\/wp\/v2\/pages\/43\/revisions\/4552"}],"wp:attachment":[{"href":"https:\/\/carboneaut.com.ar\/index.php\/wp-json\/wp\/v2\/media?parent=43"}],"curies":[{"name":"wp","href":"https:\/\/api.w.org\/{rel}","templated":true}]}}